e?
True
Is ((-122769)/108)/(1/(-4)*1) prime?
True
Suppose 26*n - 841600 + 123402 = 0. Is n prime?
False
Suppose 7*m - 10 = 2*m. Suppose -m*o = 2*o - 12. Suppose 3*h - o*y - 74 = 73, h = -y + 57. Is h a composite number?
False
Suppose a + 3*a = 5*a. Suppose a = -5*w + 15*w - 530. Is w a composite number?
False
Let x = -33 - -30. Is 1942*x*1/(-6) prime?
True
Suppose n - 20 = -0*n. Suppose 3*q + 2*q + n = 0. Is q + (300 - (-12)/(-4)) prime?
True
Is -21818*(7 - 3 - 33/6) a prime number?
False
Let m = 10890 + -6139. Is m a prime number?
True
Suppose b - 2*b + 4*k + 12 = 0, -6 = 2*k. Suppose -33 = -i + 4*h + h, b = 3*i - 4*h - 55. Suppose -l + i = -10. Is l prime?
True
Suppose -4*y + 3*v = -2581 - 37323, -3*v = -12. Is y prime?
False
Suppose 2401 - 5 = 2*b. Is b prime?
False
Let x = -33228 + 56969. Is x a composite number?
False
Let r(w) be the second derivative of w**5/20 - w**4/6 + 2*w**3/3 - 5*w**2 - 2*w. Is r(7) composite?
False
Let k be -1*(-2 + -2*1743/(-6)). Suppose -1562 = 4*c - 2*g, -4*c + 3*c = 3*g + 373. Let b = c - k. Is b composite?
False
Let b = -23 - -25. Suppose 3*z + 1330 = b*l, 5*z = -4*l + 4*z + 2646. Is l composite?
True
Let g(s) = s**2 - 5*s + 3. Let u be g(4). Let j(h) = h**2 - h. Let w be j(u). Suppose -w*o = -0*o - 182. Is o a prime number?
False
Let v(x) = x**2 - 10*x + 21. Let p be v(4). Is 2 + (-915*1)/p a composite number?
False
Is (4265 + 42)*1/1 composite?
True
Suppose 0*x = -5*x + 10. Suppose -m - x*k = -0*m - 235, -4*m = 3*k - 940. Is m a composite number?
True
Suppose -4*r + 2184 = -0*r + 4*o, -3*o - 1608 = -3*r. Suppose d = r + 70. Is d a prime number?
False
Let u(i) = i**2 + 2*i + 7. Suppose 36 = -6*b - 0*b. Is u(b) prime?
True
Let t(j) = 4*j - 62. Let s be t(18). Suppose 4*n - s = 6*n, 0 = -2*m - n + 1897. Is m prime?
False
Let b = 6937 + -2354. Is b a prime number?
True
Suppose z - i + 8 = 0, 5*i - 14 = 4*z + 21. Let n be ((-15)/z)/(-3) - -530. Let p = n + -50. Is p a prime number?
True
Suppose 0 = -h - 4*n + 20365, 9*h - 81460 = 5*h + n. Is h composite?
True
Let z(f) = f**3 - f**2 - f - 2127. Let n be z(0). Is (n/((-9)/(-3)))/(3/(-9)) prime?
False
Suppose 110411 = 19*z + 14784. Is z a composite number?
True
Let l = -1788 - -922. Let w = l - -1651. Is w prime?
False
Is 2/15 - 58333*7/(-105) composite?
False
Let x be 1/(0 + (-3)/3). Is x/(-5) + (-1044)/(-5) prime?
False
Let g(u) be the second derivative of u**3/6 + 3*u**2 - 12*u. Let a be g(-2). Suppose a*p = -16, 4*p + p = -4*f + 576. Is f a composite number?
False
Is (-1538)/1*(-5 + 63/14) a prime number?
True
Let h = -2 + 2. Suppose -3*w + 203 + 208 = h. Suppose 4*d + w = 1029. Is d a composite number?
False
Suppose -5*j - 27 = -3*a, -5*a + 19 = j + 2. Suppose a*o = 2*o + 1102. Suppose -2331 = -4*d - o. Is d a prime number?
False
Let q(n) = 1525*n**2 + 214*n - 14. Is q(-6) prime?
False
Suppose -s - 6 + 12 = 0. Suppose -p - s + 8 = 0. Let t(n) = 42*n**2 - 1. Is t(p) a composite number?
False
Let z(i) = i**3 + 8*i**2 - 11*i - 15. Let g be z(-9). Suppose -v - x = -30, -g*x = 5*v - 8*x - 200. Is 2/((4/v)/2) composite?
True
Let z(j) = -50*j - 21. Is z(-44) composite?
False
Let a = 18 - 16. Suppose -o - 86 = -a*o. Suppose 3*i = 2*g - i - o, -114 = -3*g + i. Is g a composite number?
False
Is 2/8 + (-1385290)/(-184) composite?
False
Let u(h) = 8*h**2 - 4*h + 6. Let b be u(3). Let v = 199 - b. Is v a composite number?
True
Let s be 3 + 1 + 502 + -4. Suppose -5*f + 1565 = 5*m, -39 = m + 3*f - 348. Let c = s - m. Is c prime?
False
Let f be (1 - 2 - 1) + 2. Suppose -4*w + 340 = -3*w. Suppose -4*p + f*p = -w. Is p a prime number?
False
Suppose 9*f - 14*f = 2*g - 34466, -4*f - 17233 = -g. Is g prime?
False
Let b(r) = -r**2 - 8*r + 6. Let c be b(-9). Let q(l) = 6*l**2 - 7*l - 6. Let n(v) = -6*v**2 + 6*v + 5. Let y(w) = c*n(w) - 2*q(w). Is y(4) prime?
False
Suppose -3*s - 15 = 0, 4*d = 15*s - 11*s + 7816. Is d composite?
False
Let z(d) be the third derivative of 541*d**5/60 - d**4/24 - d**3/6 + 38*d**2. Is z(2) a prime number?
True
Suppose -50 = -4*f - 6*f. Let x = 276 + -188. Suppose 4*i - 22 + x = 3*m, 0 = f*i - 15. Is m a prime number?
False
Suppose 5*n + p + 24 = n, -5*p = -4*n. Let w = n - 0. Let r(i) = 2*i**2 + 1. Is r(w) composite?
True
Suppose -6*q + q - w = 1665, 2*q + 4*w = -684. Let z = -193 - q. Is z a prime number?
True
Let m(n) = 495*n**2 + 45*n - 269. Is m(9) prime?
True
Suppose k + 3*p = -4*k + 2702, -3*p = 2*k - 1079. Is k composite?
False
Let v(p) = -23*p**3 - 10*p**2 - 4*p + 29. Is v(-8) composite?
False
Let a(d) = 24*d - 5*d**2 + 48 - 20 - d**3 - 23. Is a(-11) a prime number?
True
Suppose 4*x - 2*x = 112. Suppose 11*m + x = 15*m. Is m a prime number?
False
Suppose 13*m - 82822 = 17811. Is m a composite number?
False
Let g(j) be the third derivative of j**6/40 + j**5/60 - j**4/8 + j**3/3 - 22*j**2. Is g(3) composite?
False
Let l(o) = -3*o**2 + 36*o - 29. Let a be l(14). Let q = 150 + a. Is q prime?
True
Let a be (-695)/8 + (-8)/64. Let k = a - -33. Let h = k + 93. Is h a prime number?
False
Let h(q) = -q**2 - 3*q + 2. Let j be h(-4). Let m be j + (-116)/(-4) - -3. Is m/10 - (-1 - 90) prime?
False
Let v = 401 - 147. Is v prime?
False
Suppose 5488 + 5772 = 20*m. Is m prime?
True
Suppose -z - 3*r - 6 = 0, r - 8 = 3*r. Let n(v) = 7*v**2 + 3*v - 11. Is n(z) a prime number?
False
Suppose 5*c - 18014 = -5829. Suppose 5*m - c - 1152 = 2*a, -m - 4*a = -731. Is m prime?
True
Let r be 295/(30/9 - 3). Suppose 0*m = -3*m + r. Suppose m = 8*y - 3*y. Is y a composite number?
False
Suppose 0 = -13*k - 6586 + 24591. Is k a composite number?
True
Let b = 3883 - -5530. Is b a composite number?
False
Let t(y) = 2*y - 57. Let k be t(-5). Let s = 146 + k. Is s prime?
True
Suppose 0 = -2*c - 2 + 6. Suppose 3*b = 5*m + 1256, -m + 838 = c*b - 4*m. Is b a prime number?
False
Let k = 531 - 336. Let r = -2 - -7. Suppose 3*s + 2*s = 2*j + k, -r*j = s - 12. Is s composite?
False
Let n(t) = -t**3 + 14*t**2 - 13*t + 6. Let a be n(13). Suppose -a*y + 1408 + 7850 = 0. Is y a composite number?
False
Let z(x) = 1 - 368*x + 2 + 286*x. Is z(-4) a prime number?
True
Let m(z) = z - 2. Let g be m(10). Let j be g/40 - (-1509)/5. Suppose -4*v + t = -2*v - j, -t = 4. Is v prime?
True
Let k(w) = 2*w**2 + 1. Let u be k(1). Suppose 2*d - u*d + 70 = -4*r, 5*r = 10. Let m = d + -19. Is m prime?
True
Suppose -5*y = -2*g + 129149, 2*y + 64573 = 11*g - 10*g. Is g composite?
False
Let m = 74 - 10. Suppose 13 + 14 = -p. Let g = m - p. Is g composite?
True
Let b(v) = -v**3 - v**2 - 3. Let x be b(-3). Let f = -12 + x. Suppose 2*j - 1285 = -f*h, 3*j - j = -2*h + 1284. Is j prime?
True
Suppose -24865 = 10*m - 199685. Is m a composite number?
True
Suppose -20 - 115 = -3*r. Is (-2)/(-15) + 34509/r a prime number?
False
Is ((4/(-2))/2)/(39/(-1367691)) prime?
True
Let b(a) = 3*a**3 + 135*a - 19 - 267*a + 139*a - 2*a**3. Is b(7) a prime number?
True
Is 5167 - (15 - (10 - 1)) a composite number?
True
Is -6 - (-4 + -1442 + 1) prime?
True
Let a(k) = k - 10. Let r be a(8). Let m = r - -4. Suppose m*b - 97 - 21 = 0. Is b prime?
True
Let t(f) = -f**3 - 8*f**2 + 14*f + 14. Suppose z - 13 = 2*z. Is t(z) a composite number?
False
Let a be (-3)/2*(5 + -9). Suppose a*d + 0*d - 3738 = 0. Is d prime?
False
Suppose -4*k = 4*k - 43840. Is (k/50)/(4/10) a prime number?
False
Let q = 1544 - 2608. Is (-10)/(-50) + q/(-5) a composite number?
True
Suppose 0*o = -4*o + 85696. Let r = o + -14645. Is r a prime number?
True
Let p(k) = 17*k**2 + 10. Let d be p(3). Suppose 0 = -5*g + 6*g - d. Is g a prime number?
True
Suppose -m = 5*k - 13 + 3, 0 = 3*k - 3*m - 24. Suppose -s = -4*h - 249, k*s + 0*h - 747 = 3*h. Let l = -110 + s. Is l composite?
False
Suppose 16*x = -0*x + 338320. Is x prime?
False
Let v be 1*(-1)/((-1)/3). Suppose a = -2*a + v. Is (7/(-14))/(a/(-662)) composite?
False
Let l = 15 - 7. Suppose -5*p = 5*g - 20, g - p = 2*p + l. Is 17/(-2 + 11/g) a prime number?
False
Let j(w) = -w**3 - 19*w**2 + 84*w - 15. Is j(-29) a composite number?
True
Let o be (-4)/(-2) + 151*-48. Let c = -2535 - o. Is c a prime number?
False
Suppose 0 = -2*g - 5*p - 25, 4*p = -5*g + p - 15. Let m = g + 179. Is m a composite number?
False
Let y(w) = 71*w**3 - 14*w**2 + 12*w - 12. Is y(5) a composite number?
False
Let q(f) = -393*f + 107. Is q(-14) a comp